(-2). What is the greatest common divisor of c and b?
4
Let l(p) be the first derivative of 6*p**3 - p + 1. Let z be l(1). Suppose 31*h - 30*h = 3*d - 209, d - 88 = 4*h. What is the highest common divisor of z and d?
17
Let l be ((-375)/(-6))/(26/52). What is the greatest common divisor of l and 300?
25
Suppose -b + 9 = a + a, 5*b = 3*a + 19. Suppose -3*z - 7 = -a*z + 2*p, -p = -z + 8. What is the highest common divisor of 2 and z?
1
Let l(b) = -29*b - 4. Suppose 0 = -2*u - 2*u - 16. Let f be l(u). What is the greatest common divisor of f and 14?
14
Suppose -a = 5*d - 114, 0*a + 100 = 4*d + 3*a. Let c(b) = -b**3 - b**2 + b + 14. Let s be c(0). Let i = d - s. Calculate the greatest common factor of i and 24.
8
Suppose 55 = -5*p + 5*y, -6*p + 3*p - 33 = -y. Let o(u) = 2*u**2 + 17*u + 8. Let s be o(p). Calculate the highest common divisor of s and 9.
9
Let w(k) = 2*k**3 - 3. Let s be w(3). Let h(r) = r**2 - 27*r - 517. Let i be h(-13). Calculate the highest common divisor of s and i.
3
Let m = -16 + 64. Suppose 216 = m*u - 46*u. What is the highest common factor of 12 and u?
12
Let o(z) = 18*z + 147. Let h be o(-8). Let q = -22 - -37. Calculate the highest common factor of h and q.
3
Let u = 137 - 84. Suppose -10*j + 7 = -u. What is the greatest common factor of 2 and j?
2
Let m = 922 - 826. Calculate the greatest common divisor of 108 and m.
12
Let a be ((-66)/4)/((-1)/6). Suppose -163 = -7*h - 100. Calculate the greatest common divisor of a and h.
9
Let h(c) = -3*c**2 - 125*c - 100. Let p be h(-40). What is the highest common factor of 900 and p?
100
Let d(n) = -n + 72. Let m be d(30). What is the highest common divisor of m and 112?
14
Suppose 3*u - o + 1834 = 4*u, u = -5*o + 1822. Calculate the greatest common divisor of u and 22.
11
Suppose -5*j + 16 = -h + 38, 0 = 3*h + 4*j - 66. Calculate the greatest common factor of h and 1353.
11
Let k be (2460/287)/(45/42 + -1). Calculate the greatest common divisor of 35 and k.
5
Let f(i) = -50*i**2 + 2*i + 11. Let a be f(-6). Let u be 14/(-49) - a/7. Suppose 5*r - u - 13 = 0. Calculate the greatest common divisor of r and 6.
6
Let t be (-1)/5 + (-36)/(-5) + 0. Suppose o = -2*o + 84. Calculate the greatest common divisor of t and o.
7
Suppose 0*q = 2*q - 146. Let h = q - 70. Calculate the highest common factor of h and 30.
3
Let o be (90/24)/(5/20). Calculate the highest common factor of 42 and o.
3
Let b be (2/4)/((-1)/(-52)). Suppose 0 - 3 = h - 3*f, 0 = 5*h + 3*f - 39. Let q be h/18 + 934/6. What is the greatest common factor of q and b?
26
Suppose 3*d = 2*p - 6 - 2, 4*p - 16 = -3*d. Suppose 0 = -0*i - p*i + 5*x + 308, 368 = 5*i - 2*x. What is the highest common factor of 8 and i?
8
Suppose 2*z - 54 = 5*p - 13, 73 = 3*z + 4*p. Let k be (-1)/((-4)/92 - 0). What is the greatest common divisor of k and z?
23
Suppose 0 = d - 15 + 3. Let o = 47 + -17. Calculate the highest common divisor of d and o.
6
Let v = -1204 - -1820. What is the greatest common factor of 84 and v?
28
Let r(i) = i. Let o be r(-6). Let k be o/6*(-23 - 0). Let d be 0 + -2 + 1 + k. Calculate the greatest common factor of 33 and d.
11
Let q(w) = 12*w**2 + 16*w + 12. Let j be q(-4). What is the greatest common divisor of j and 100?
20
Let o(b) = -b**3 + 9*b**2 - 3*b - 2. Let m be (-24)/(-6) + (1 - -1). Let h be o(m). What is the greatest common factor of 8 and h?
8
Let i be (14/10 - 2)*-5. Suppose i*c - 4*c = -39. Calculate the highest common factor of c and 13.
13
Let j be 1*(-6)/(-4)*(15 - -17). Suppose 50*h = j*h + 24. Let p(c) = 34*c**2 + c - 2. Let d be p(-2). Calculate the highest common divisor of h and d.
12
Suppose -5*l - 33 + 1213 = 0. Suppose 384 = 5*j + 4*s - 680, l = j - 5*s. What is the greatest common divisor of j and 24?
24
Suppose 5*t - 5*f - 2000 = 0, 39*t - 4*f = 37*t + 790. Calculate the greatest common factor of t and 180.
45
Let s(t) = -t - 5. Let z be s(-8). Suppose -4*d - 2*u + z*u = -196, -u = d - 44. Let c be 4/(-2) - (-39 - -5). What is the greatest common divisor of d and c?
16
Suppose 0*h - 2656 = -83*h. Calculate the greatest common divisor of 672 and h.
32
Let o(l) = 5*l**3 - 8*l**2 + 4*l + 6. Let q be o(3). Suppose h = -2*h + 27. Calculate the highest common divisor of h and q.
9
Suppose q + 6376 = 4*k, -6*k + 2*q = -11*k + 7957. What is the highest common divisor of 59 and k?
59
Suppose -2274 = v - 2504. What is the greatest common divisor of v and 10?
10
Let s = 1 - -1. Let b be (20/s)/(55/45 - 1). What is the highest common factor of 9 and b?
9
Let c be ((-70)/4*4)/(-1). Let n = -22 + 50. Calculate the highest common factor of c and n.
14
Let a be (5 - -82)/3 + -6. What is the greatest common factor of 207 and a?
23
Let p(x) = -x**2 + 27*x - 108. Let g be p(9). Calculate the highest common factor of g and 90.
18
Let c = 241 - 220. What is the greatest common divisor of c and 35?
7
Suppose -15*l - 105 = -20*l. What is the highest common factor of l and 7?
7
Let j be 4/(-6)*(1 + 5)*5. Let y be ((-32)/j)/((-6)/(-105)). Calculate the highest common divisor of 4 and y.
4
Let b(c) = -10*c - 132. Let o be b(-15). What is the highest common factor of 2 and o?
2
Let r(v) = v**3 + 7*v**2 + 6*v + 8. Suppose q - 5*g = -6, 5*q + 27 + 3 = -5*g. Let l be r(q). Calculate the greatest common factor of 40 and l.
8
Let a be (-30)/(-105) - (-2833)/7. Suppose 7*j + 2*j - a = 0. What is the greatest common divisor of j and 18?
9
Suppose -8*u = -639 - 1017. What is the highest common factor of u and 18?
9
Suppose 4*g - 140 = -2*f + f, -2*f - 44 = -g. Suppose 4*s - 470 = -5*b, 15 = 4*s - s. What is the highest common factor of b and g?
18
Let w be (-8 - (-180)/25)*135/(-6). Calculate the greatest common divisor of 306 and w.
18
Let h be ((-2)/6)/((-3)/27). Suppose -26 = -h*u + 58. Calculate the highest common divisor of 42 and u.
14
Let y(w) = -w**3 - 16*w**2 - 62*w - 13. Let s be y(-11). What is the highest common divisor of 56 and s?
8
Suppose 5*w - 24 = -4. Suppose -w*r + 78 = -14. Let n = -9 + r. What is the greatest common factor of 14 and n?
14
Let n(h) = -h**3 - 7*h**2 - 2*h + 2. Let p be n(-7). Let r = -19 + p. Let s be (r/(-6))/(6/48). Calculate the greatest common factor of 8 and s.
4
Let j(p) = 2*p + 5. Let k be j(-8). Let a = k - -24. Let w be 2/(-1)*(65/(-2))/5. Calculate the highest common factor of w and a.
13
Suppose -85*j + 20 = -80*j. Suppose 4*w = 5*w. Suppose w = 4*b + 3*l - 52, 0*b - 3*b + 32 = j*l. Calculate the highest common divisor of 160 and b.
16
Let n = -824 + 848. Calculate the greatest common divisor of 408 and n.
24
Suppose -p - p + 10 = 0, -5*p = -3*t + 245. Calculate the highest common divisor of t and 30.
30
Let t = 92 - 44. Let n = t + -15. Suppose n = 5*m - 122. What is the greatest common factor of m and 341?
31
Let d(y) = -3*y**2 - 76*y. Let l be d(-22). What is the highest common divisor of l and 44?
44
Suppose -4*s + 54*y - 55*y + 64 = 0, 5*s + 5*y - 80 = 0. Calculate the greatest common divisor of s and 944.
16
Let q = -28 - -48. Suppose 16 = -19*a + q*a. What is the highest common factor of a and 144?
16
Let x(b) = 2*b**2 + 26*b + 24. Let m be x(-13). What is the highest common divisor of 56 and m?
8
Suppose 3*w + 3*p = 87, 3*w + p - 59 - 24 = 0. What is the greatest common factor of 2 and w?
1
Let d(u) = u + 1. Let f be d(11). Let y be (-1)/(-4) + 212/(-16). Let m = -9 - y. Calculate the greatest common divisor of m and f.
4
Suppose t + 0*r - 6 = 3*r, 0 = 5*t - r - 100. What is the highest common factor of 287 and t?
7
Let h be 65 + -11 - (1 - 2). What is the greatest common factor of 1815 and h?
55
Suppose -3*l + 3*i + 6 = 0, -l - 2*i - 4 = l. Suppose 2*v + s - 59 + 10 = l, -v + 17 = 3*s. Let w = 262 + -158. What is the greatest common factor of w and v?
26
Let n be (2/(-4))/((69/(-324))/23). What is the greatest common factor of 594 and n?
54
Let i = -212 - -446. What is the greatest common divisor of 390 and i?
78
Let v(u) = -u**3 - 11*u**2 - 12*u - 10. Suppose -2*s = -2*m + 10, 3*s + 5*m + 8 = -47. Let r be v(s). What is the highest common factor of 4 and r?
2
Let i(c) = c + 10. Let k be i(-3). Suppose -29 = 6*f - k*f. Suppose 4*v + 313 = 1241. Calculate the highest common divisor of f and v.
29
Let r = -67 + 92. Suppose 4*b + 15 = b, 3*t + b - 520 = 0. Calculate the greate